{"id":153,"date":"2026-01-15T15:36:54","date_gmt":"2026-01-15T14:36:54","guid":{"rendered":"https:\/\/sfrolomouc.cz\/?page_id=153"},"modified":"2026-01-15T15:36:54","modified_gmt":"2026-01-15T14:36:54","slug":"19-12-2025","status":"publish","type":"page","link":"https:\/\/sfrolomouc.cz\/?page_id=153","title":{"rendered":"19.12.2025"},"content":{"rendered":"\n<p>Z\u00e1pis ze setk\u00e1n\u00ed 19.12. 2025<\/p>\n\n\n\n<p>Kl\u00e1\u0161ter brat\u0159\u00ed kapuc\u00edn\u016f Olomouc<\/p>\n\n\n\n<p>Setk\u00e1n\u00ed sester a brat\u0159\u00ed SF\u0158 \u2013 Olomouc rodiny<\/p>\n\n\n\n<p>P\u0159\u00edtomni: Br. Dominik, E. C\u00e1skov\u00e1, J. Hork\u00e1, J. Hub\u00e1\u010dkov\u00e1, F. Val\u016f, F. Vom\u00e1\u010dka<\/p>\n\n\n\n<p>Host\u00e9: St\u0159elcovi a Ji\u0159\u00ed\u010dkovi z MBS Broumov-Bylnice<\/p>\n\n\n\n<p>\u010casov\u00fd pr\u016fb\u011bh s pozn\u00e1mkami:<\/p>\n\n\n\n<p>1. 14.30 \u2013 Spole\u010dn\u00e1 modlitba uprost\u0159ed dne v kostele<\/p>\n\n\n\n<p>2. Posezen\u00ed a pov\u00edd\u00e1n\u00ed s na\u0161imi hosty. Hodn\u011b jsme se zam\u00fd\u0161leli nad t\u00edm, jak oslovovat p\u0159\u00edp. dal\u0161\u00ed \u010dleny, u Valach\u016f je to jednozna\u010dn\u011b \u201evyjit\u00ed\u201c mezi lidi, zv\u00e1t je, nab\u00edzet cestu k Bohu skrze sv. Franti\u0161ka. Nora byla \u010dasto k nezastaven\u00edsamoz\u0159ejm\u011b v dobr\u00e9m.<\/p>\n\n\n\n<p>3. Organiza\u010dn\u00ed z\u00e1le\u017eitosti a n\u00e1vrhy<\/p>\n\n\n\n<p>\u00b7 P\u0159\u00ed\u0161t\u00ed setk\u00e1n\u00ed bude 18.1.2026. Za\u010dneme ve 14.30. modlitbou v kostele a budeme pokra\u010dovat v kl\u00e1\u0161te\u0159e<\/p>\n\n\n\n<p>\u00b7 Zamy\u0161len\u00ed nad Oblastn\u00edm setk\u00e1n\u00ed 2026<\/p>\n\n\n\n<p>\u00b7 Forma\u010dn\u00ed semin\u00e1\u0159 leden 2026 &#8211; ministryn\u011b<\/p>\n\n\n\n<p>V\u0161ichni zvolen\u00ed \u010dlenov\u00e9 d\u011bkuj\u00ed za d\u016fv\u011bru a pros\u00ed o modlitbu.<\/p>\n\n\n\n<p>Zapsala Jitka Hub\u00e1\u010dkov\u00e1<\/p>\n\n\n\n<p><\/p>\n","protected":false},"excerpt":{"rendered":"<p>Z\u00e1pis ze setk\u00e1n\u00ed 19.12. 2025 Kl\u00e1\u0161ter brat\u0159\u00ed kapuc\u00edn\u016f Olomouc Setk\u00e1n\u00ed sester a brat\u0159\u00ed SF\u0158 \u2013 Olomouc rodiny P\u0159\u00edtomni: Br. Dominik, E. C\u00e1skov\u00e1, J. Hork\u00e1, J. Hub\u00e1\u010dkov\u00e1, F. Val\u016f, F. Vom\u00e1\u010dka Host\u00e9: St\u0159elcovi a Ji\u0159\u00ed\u010dkovi z MBS Broumov-Bylnice \u010casov\u00fd pr\u016fb\u011bh s pozn\u00e1mkami: 1. 14.30 \u2013 Spole\u010dn\u00e1 modlitba uprost\u0159ed dne v kostele 2. Posezen\u00ed a pov\u00edd\u00e1n\u00ed s &hellip; <a href=\"https:\/\/sfrolomouc.cz\/?page_id=153\" class=\"more-link\">Pokra\u010dov\u00e1n\u00ed textu <span class=\"screen-reader-text\">19.12.2025<\/span> <span class=\"meta-nav\">&rarr;<\/span><\/a><\/p>\n","protected":false},"author":1,"featured_media":0,"parent":0,"menu_order":0,"comment_status":"closed","ping_status":"closed","template":"","meta":{"footnotes":""},"class_list":["post-153","page","type-page","status-publish","hentry"],"_links":{"self":[{"href":"https:\/\/sfrolomouc.cz\/index.php?rest_route=\/wp\/v2\/pages\/153","targetHints":{"allow":["GET"]}}],"collection":[{"href":"https:\/\/sfrolomouc.cz\/index.php?rest_route=\/wp\/v2\/pages"}],"about":[{"href":"https:\/\/sfrolomouc.cz\/index.php?rest_route=\/wp\/v2\/types\/page"}],"author":[{"embeddable":true,"href":"https:\/\/sfrolomouc.cz\/index.php?rest_route=\/wp\/v2\/users\/1"}],"replies":[{"embeddable":true,"href":"https:\/\/sfrolomouc.cz\/index.php?rest_route=%2Fwp%2Fv2%2Fcomments&post=153"}],"version-history":[{"count":1,"href":"https:\/\/sfrolomouc.cz\/index.php?rest_route=\/wp\/v2\/pages\/153\/revisions"}],"predecessor-version":[{"id":155,"href":"https:\/\/sfrolomouc.cz\/index.php?rest_route=\/wp\/v2\/pages\/153\/revisions\/155"}],"wp:attachment":[{"href":"https:\/\/sfrolomouc.cz\/index.php?rest_route=%2Fwp%2Fv2%2Fmedia&parent=153"}],"curies":[{"name":"wp","href":"https:\/\/api.w.org\/{rel}","templated":true}]}}

<p>Zápis ze setkání 19.12. 2025</p>



<p>Klášter bratří kapucínů Olomouc</p>



<p>Setkání sester a bratří SFŘ – Olomouc rodiny</p>



<p>Přítomni: Br. Dominik, E. Cásková, J. Horká, J. Hubáčková, F. Valů, F. Vomáčka</p>



<p>Hosté: Střelcovi a Jiříčkovi z MBS Broumov-Bylnice</p>



<p>Časový průběh s poznámkami:</p>



<p>1. 14.30 – Společná modlitba uprostřed dne v kostele</p>



<p>2. Posezení a povídání s našimi hosty. Hodně jsme se zamýšleli nad tím, jak oslovovat příp. další členy, u Valachů je to jednoznačně „vyjití“ mezi lidi, zvát je, nabízet cestu k Bohu skrze sv. Františka. Nora byla často k nezastavenísamozřejmě v dobrém.</p>



<p>3. Organizační záležitosti a návrhy</p>



<p>· Příští setkání bude 18.1.2026. Začneme ve 14.30. modlitbou v kostele a budeme pokračovat v klášteře</p>



<p>· Zamyšlení nad Oblastním setkání 2026</p>



<p>· Formační seminář leden 2026 &#8211; ministryně</p>



<p>Všichni zvolení členové děkují za důvěru a prosí o modlitbu.</p>



<p>Zapsala Jitka Hubáčková</p>



<p></p>

<p>Zápis ze setkání 19.12. 2025 Klášter bratří kapucínů Olomouc Setkání sester a bratří SFŘ – Olomouc rodiny Přítomni: Br. Dominik, E. Cásková, J. Horká, J. Hubáčková, F. Valů, F. Vomáčka Hosté: Střelcovi a Jiříčkovi z MBS Broumov-Bylnice Časový průběh s poznámkami: 1. 14.30 – Společná modlitba uprostřed dne v kostele 2. Posezení a povídání s &hellip; <a href="https://sfrolomouc.cz/?page_id=153" class="more-link">Pokračování textu <span class="screen-reader-text">19.12.2025</span> <span class="meta-nav">&rarr;</span></a></p>
