{"id":128,"date":"2025-10-02T19:15:48","date_gmt":"2025-10-02T18:15:48","guid":{"rendered":"https:\/\/sfrolomouc.cz\/?page_id=128"},"modified":"2025-10-02T19:15:48","modified_gmt":"2025-10-02T18:15:48","slug":"21-9-2025","status":"publish","type":"page","link":"https:\/\/sfrolomouc.cz\/?page_id=128","title":{"rendered":"21.9.2025"},"content":{"rendered":"\n<p>Z\u00e1pis ze setk\u00e1n\u00ed 21.9. 2025<\/p>\n\n\n\n<p>&nbsp;Kl\u00e1\u0161ter brat\u0159\u00ed kapuc\u00edn\u016f Olomouc<em><\/em><\/p>\n\n\n\n<p><strong><em>Setk\u00e1n\u00ed sester a brat\u0159\u00ed SF\u0158 \u2013 Olomouc rodiny<\/em><\/strong><strong><\/strong><\/p>\n\n\n\n<p><strong>P\u0159\u00edtomni: <\/strong>&nbsp;Br. Dominik, E. C\u00e1skov\u00e1, P. Hapalov\u00e1, J. Hork\u00e1, J. Hub\u00e1\u010dkov\u00e1, M. \u0158ezn\u00ed\u010dkov\u00e1, B. Slima\u0159\u00edkov\u00e1, D. \u0160otov\u00e1, F. Val\u016f, F. Vom\u00e1\u010dka, Fidrmucovi, Richterovi, Ve\u010de\u0159ovi, M. H\u00fdblov\u00e1<\/p>\n\n\n\n<p><strong>Omluveni:<\/strong><\/p>\n\n\n\n<p><strong>\u010casov\u00fd pr\u016fb\u011bh s pozn\u00e1mkami:<\/strong><\/p>\n\n\n\n<ol class=\"wp-block-list\">\n<li><strong>14.30 \u2013 Spole\u010dn\u00e1 modlitba uprost\u0159ed dne v kostele <\/strong><\/li>\n<\/ol>\n\n\n\n<p><strong>&nbsp;&nbsp;&nbsp;&nbsp;&nbsp;&nbsp; <\/strong><strong>2.&nbsp;&nbsp; P\u0159ipomenut\u00ed a zamy\u0161len\u00ed se nad Chvalozp\u011bvem stvo\u0159en\u00ed. <\/strong>Letos slav\u00edme 800. v\u00fdro\u010d\u00ed vzniku roku 1225. \u00davahu za\u010dala Jitka, postupn\u011b se p\u0159idali i ostatn\u00ed.<\/p>\n\n\n\n<p>&nbsp;&nbsp;&nbsp;&nbsp;&nbsp; <strong>3.&nbsp;&nbsp;&nbsp; Sd\u00edlen\u00ed brat\u0159\u00ed a sester<\/strong><strong><\/strong><\/p>\n\n\n\n<p><strong>&nbsp;&nbsp;&nbsp;&nbsp;&nbsp;&nbsp; <\/strong><strong>4. Organiza\u010dn\u00ed z\u00e1le\u017eitosti a n\u00e1vrhy<\/strong><\/p>\n\n\n\n<ul class=\"wp-block-list\">\n<li>P\u0159\u00ed\u0161t\u00ed setk\u00e1n\u00ed bude 19.10. ve 14.30. Za\u010dneme op\u011bt modlitbou v kostele a d\u00e1le bude pokra\u010dovat setk\u00e1n\u00ed v kl\u00e1\u0161te\u0159e. Dokumenty \u010dl. 31 si p\u0159iprav\u00ed Pe\u0165a H. A my se potom p\u0159ipoj\u00edme.<\/li>\n\n\n\n<li><strong>Volby prob\u011bhnou 9.11.2025.<\/strong> Pros\u00edme, dostavte se pokud mo\u017eno v\u0161ichni.<\/li>\n<\/ul>\n\n\n\n<p>&nbsp;&nbsp;&nbsp;&nbsp;&nbsp;&nbsp;&nbsp;&nbsp;&nbsp;&nbsp;&nbsp;&nbsp;&nbsp;&nbsp; Zapsala D. \u0160otov\u00e1<\/p>\n","protected":false},"excerpt":{"rendered":"<p>Z\u00e1pis ze setk\u00e1n\u00ed 21.9. 2025 &nbsp;Kl\u00e1\u0161ter brat\u0159\u00ed kapuc\u00edn\u016f Olomouc Setk\u00e1n\u00ed sester a brat\u0159\u00ed SF\u0158 \u2013 Olomouc rodiny P\u0159\u00edtomni: &nbsp;Br. Dominik, E. C\u00e1skov\u00e1, P. Hapalov\u00e1, J. Hork\u00e1, J. Hub\u00e1\u010dkov\u00e1, M. \u0158ezn\u00ed\u010dkov\u00e1, B. Slima\u0159\u00edkov\u00e1, D. \u0160otov\u00e1, F. Val\u016f, F. Vom\u00e1\u010dka, Fidrmucovi, Richterovi, Ve\u010de\u0159ovi, M. H\u00fdblov\u00e1 Omluveni: \u010casov\u00fd pr\u016fb\u011bh s pozn\u00e1mkami: &nbsp;&nbsp;&nbsp;&nbsp;&nbsp;&nbsp; 2.&nbsp;&nbsp; P\u0159ipomenut\u00ed a zamy\u0161len\u00ed se nad &hellip; <a href=\"https:\/\/sfrolomouc.cz\/?page_id=128\" class=\"more-link\">Pokra\u010dov\u00e1n\u00ed textu <span class=\"screen-reader-text\">21.9.2025<\/span> <span class=\"meta-nav\">&rarr;<\/span><\/a><\/p>\n","protected":false},"author":1,"featured_media":0,"parent":0,"menu_order":0,"comment_status":"closed","ping_status":"closed","template":"","meta":{"footnotes":""},"class_list":["post-128","page","type-page","status-publish","hentry"],"_links":{"self":[{"href":"https:\/\/sfrolomouc.cz\/index.php?rest_route=\/wp\/v2\/pages\/128","targetHints":{"allow":["GET"]}}],"collection":[{"href":"https:\/\/sfrolomouc.cz\/index.php?rest_route=\/wp\/v2\/pages"}],"about":[{"href":"https:\/\/sfrolomouc.cz\/index.php?rest_route=\/wp\/v2\/types\/page"}],"author":[{"embeddable":true,"href":"https:\/\/sfrolomouc.cz\/index.php?rest_route=\/wp\/v2\/users\/1"}],"replies":[{"embeddable":true,"href":"https:\/\/sfrolomouc.cz\/index.php?rest_route=%2Fwp%2Fv2%2Fcomments&post=128"}],"version-history":[{"count":1,"href":"https:\/\/sfrolomouc.cz\/index.php?rest_route=\/wp\/v2\/pages\/128\/revisions"}],"predecessor-version":[{"id":130,"href":"https:\/\/sfrolomouc.cz\/index.php?rest_route=\/wp\/v2\/pages\/128\/revisions\/130"}],"wp:attachment":[{"href":"https:\/\/sfrolomouc.cz\/index.php?rest_route=%2Fwp%2Fv2%2Fmedia&parent=128"}],"curies":[{"name":"wp","href":"https:\/\/api.w.org\/{rel}","templated":true}]}}

<p>Zápis ze setkání 21.9. 2025</p>



<p>&nbsp;Klášter bratří kapucínů Olomouc<em></em></p>



<p><strong><em>Setkání sester a bratří SFŘ – Olomouc rodiny</em></strong><strong></strong></p>



<p><strong>Přítomni: </strong>&nbsp;Br. Dominik, E. Cásková, P. Hapalová, J. Horká, J. Hubáčková, M. Řezníčková, B. Slimaříková, D. Šotová, F. Valů, F. Vomáčka, Fidrmucovi, Richterovi, Večeřovi, M. Hýblová</p>



<p><strong>Omluveni:</strong></p>



<p><strong>Časový průběh s poznámkami:</strong></p>



<ol class="wp-block-list">
<li><strong>14.30 – Společná modlitba uprostřed dne v kostele </strong></li>
</ol>



<p><strong>&nbsp;&nbsp;&nbsp;&nbsp;&nbsp;&nbsp; </strong><strong>2.&nbsp;&nbsp; Připomenutí a zamyšlení se nad Chvalozpěvem stvoření. </strong>Letos slavíme 800. výročí vzniku roku 1225. Úvahu začala Jitka, postupně se přidali i ostatní.</p>



<p>&nbsp;&nbsp;&nbsp;&nbsp;&nbsp; <strong>3.&nbsp;&nbsp;&nbsp; Sdílení bratří a sester</strong><strong></strong></p>



<p><strong>&nbsp;&nbsp;&nbsp;&nbsp;&nbsp;&nbsp; </strong><strong>4. Organizační záležitosti a návrhy</strong></p>



<ul class="wp-block-list">
<li>Příští setkání bude 19.10. ve 14.30. Začneme opět modlitbou v kostele a dále bude pokračovat setkání v klášteře. Dokumenty čl. 31 si připraví Peťa H. A my se potom připojíme.</li>



<li><strong>Volby proběhnou 9.11.2025.</strong> Prosíme, dostavte se pokud možno všichni.</li>
</ul>



<p>&nbsp;&nbsp;&nbsp;&nbsp;&nbsp;&nbsp;&nbsp;&nbsp;&nbsp;&nbsp;&nbsp;&nbsp;&nbsp;&nbsp; Zapsala D. Šotová</p>

<p>Zápis ze setkání 21.9. 2025 &nbsp;Klášter bratří kapucínů Olomouc Setkání sester a bratří SFŘ – Olomouc rodiny Přítomni: &nbsp;Br. Dominik, E. Cásková, P. Hapalová, J. Horká, J. Hubáčková, M. Řezníčková, B. Slimaříková, D. Šotová, F. Valů, F. Vomáčka, Fidrmucovi, Richterovi, Večeřovi, M. Hýblová Omluveni: Časový průběh s poznámkami: &nbsp;&nbsp;&nbsp;&nbsp;&nbsp;&nbsp; 2.&nbsp;&nbsp; Připomenutí a zamyšlení se nad &hellip; <a href="https://sfrolomouc.cz/?page_id=128" class="more-link">Pokračování textu <span class="screen-reader-text">21.9.2025</span> <span class="meta-nav">&rarr;</span></a></p>
