{"id":100,"date":"2025-05-10T18:35:57","date_gmt":"2025-05-10T17:35:57","guid":{"rendered":"https:\/\/sfrolomouc.cz\/?page_id=100"},"modified":"2025-05-10T18:35:57","modified_gmt":"2025-05-10T17:35:57","slug":"27-4-2025","status":"publish","type":"page","link":"https:\/\/sfrolomouc.cz\/?page_id=100","title":{"rendered":"27.4.2025"},"content":{"rendered":"\n<p>Z\u00e1pis ze setk\u00e1n\u00ed 27.4.2025<\/p>\n\n\n\n<p>&nbsp;Kl\u00e1\u0161ter brat\u0159\u00ed kapuc\u00edn\u016f Olomouc<em><\/em><\/p>\n\n\n\n<p><strong><em>Setk\u00e1n\u00ed sester a brat\u0159\u00ed SF\u0158 \u2013 Olomouc rodiny<\/em><\/strong><strong><\/strong><\/p>\n\n\n\n<p><strong>P\u0159\u00edtomni: <\/strong>&nbsp;Br. Dominik, E. C\u00e1skov\u00e1, P. Hapalov\u00e1, J. Hork\u00e1, J. Hub\u00e1\u010dkov\u00e1, M. \u0158ezn\u00ed\u010dkov\u00e1, B. Slima\u0159\u00edkov\u00e1, D. \u0160otov\u00e1, F. Val\u016f, Ve\u010de\u0159ovi<\/p>\n\n\n\n<p><strong>Omluveni: <\/strong>L. Bor\u00fdsek, Richterovi, L. Stehl\u00edkov\u00e1, F. Vom\u00e1\u010dka, J. Sl\u00e1dkov\u00e1, H. \u0160ev\u010d\u00edkov\u00e1<\/p>\n\n\n\n<p><strong>\u010casov\u00fd pr\u016fb\u011bh s pozn\u00e1mkami:<\/strong><\/p>\n\n\n\n<ol class=\"wp-block-list\">\n<li><strong>14.30 \u2013 Spole\u010dn\u00e1 modlitba uprost\u0159ed dne v kostele + Korunka k Bo\u017e\u00edmu milosrdenstv\u00ed<\/strong><\/li>\n<\/ol>\n\n\n\n<p><strong>&nbsp;&nbsp;&nbsp;&nbsp;&nbsp;&nbsp; 2.&nbsp;&nbsp; Dokumenty \u010dl. 28, 29, 30 \u2013 \u00favodn\u00ed zamy\u0161len\u00ed vedli Ve\u010de\u0159ovi<\/strong><\/p>\n\n\n\n<p>&nbsp;&nbsp;&nbsp;&nbsp;&nbsp;&nbsp;&nbsp;&nbsp;&nbsp;&nbsp;&nbsp;&nbsp; Bratrsk\u00e1 spole\u010denstv\u00ed jsou inspirov\u00e1na sv. Franti\u0161kem z Assisi<\/p>\n\n\n\n<p>&nbsp;&nbsp;&nbsp;&nbsp;&nbsp;&nbsp;&nbsp;&nbsp;&nbsp;&nbsp;&nbsp;&nbsp; Brat\u0159i a sestry \u017eij\u00ed aktivn\u011b v m\u00edstn\u00ed i v\u0161eobecn\u00e9 c\u00edrkvi<\/p>\n\n\n\n<p>&nbsp;&nbsp;&nbsp;&nbsp;&nbsp;&nbsp;&nbsp;&nbsp;&nbsp;&nbsp;&nbsp;&nbsp; D\u016fle\u017eit\u00e1 je spoluzodpov\u011bdnost, osobn\u00ed p\u0159\u00edtomnost, sv\u011bdectv\u00ed, modlitba a aktivn\u00ed<\/p>\n\n\n\n<p>&nbsp;&nbsp;&nbsp;&nbsp;&nbsp;&nbsp;&nbsp;&nbsp;&nbsp;&nbsp;&nbsp;&nbsp; spolupr\u00e1ce podle mo\u017enost\u00ed ka\u017ed\u00e9ho jednotlivce<\/p>\n\n\n\n<p>&nbsp;&nbsp;&nbsp;&nbsp;&nbsp; <strong>3.&nbsp;&nbsp;&nbsp; Sd\u00edlen\u00ed brat\u0159\u00ed a sester<\/strong><\/p>\n\n\n\n<p><strong>&nbsp;&nbsp;&nbsp;&nbsp;&nbsp;&nbsp; 4. Organiza\u010dn\u00ed z\u00e1le\u017eitosti a n\u00e1vrhy<\/strong><\/p>\n\n\n\n<ul class=\"wp-block-list\">\n<li>P\u0159\u00ed\u0161t\u00ed setk\u00e1n\u00ed bude oblastn\u00ed ve \u0160ternberku 18.5 2025 za \u00fa\u010dasti br. Ji\u0159\u00edho Zaj\u00edce<\/li>\n\n\n\n<li>22. 6.\u00a0 bude m\u00edt trvalou profes Jan Franti\u0161ek Val\u016f. Bude up\u0159esn\u011bno, kde se bude konat ob\u011bd a posezen\u00ed, proto\u017ee v\u00a0kl\u00e1\u0161te\u0159e v\u00a0tom sam\u00e9m term\u00ednu bude prob\u00edhat v\u00edkendov\u00e1 akce.<\/li>\n\n\n\n<li>Exercicie se uskute\u010dn\u00ed 21. &#8211; 24.8. Povede je Bonaventura \u0160tivar OFCap.<\/li>\n\n\n\n<li>Tento rok je tak\u00e9 v\u00fdro\u010d\u00ed 800 let Chvalozp\u011bvu stvo\u0159en\u00ed<\/li>\n\n\n\n<li>V \u0159\u00edjnu nebo v listopadu prob\u011bhnou volby<\/li>\n\n\n\n<li>Na\u0161e pravideln\u00e9 setk\u00e1n\u00ed bude pokra\u010dovat 21.9.2025<\/li>\n\n\n\n<li>Budeme pokra\u010dovat v Dokumentech \u010dl. 30 \u2013 31. P\u0159iprav\u00ed si P. Hapalov\u00e1<\/li>\n<\/ul>\n\n\n\n<p>&nbsp;&nbsp;&nbsp;&nbsp;&nbsp;&nbsp;&nbsp;&nbsp;&nbsp;&nbsp;&nbsp;&nbsp;&nbsp;&nbsp; Zapsala D. \u0160otov\u00e1<\/p>\n\n\n\n<p><\/p>\n","protected":false},"excerpt":{"rendered":"<p>Z\u00e1pis ze setk\u00e1n\u00ed 27.4.2025 &nbsp;Kl\u00e1\u0161ter brat\u0159\u00ed kapuc\u00edn\u016f Olomouc Setk\u00e1n\u00ed sester a brat\u0159\u00ed SF\u0158 \u2013 Olomouc rodiny P\u0159\u00edtomni: &nbsp;Br. Dominik, E. C\u00e1skov\u00e1, P. Hapalov\u00e1, J. Hork\u00e1, J. Hub\u00e1\u010dkov\u00e1, M. \u0158ezn\u00ed\u010dkov\u00e1, B. Slima\u0159\u00edkov\u00e1, D. \u0160otov\u00e1, F. Val\u016f, Ve\u010de\u0159ovi Omluveni: L. Bor\u00fdsek, Richterovi, L. Stehl\u00edkov\u00e1, F. Vom\u00e1\u010dka, J. Sl\u00e1dkov\u00e1, H. \u0160ev\u010d\u00edkov\u00e1 \u010casov\u00fd pr\u016fb\u011bh s pozn\u00e1mkami: &nbsp;&nbsp;&nbsp;&nbsp;&nbsp;&nbsp; 2.&nbsp;&nbsp; Dokumenty &hellip; <a href=\"https:\/\/sfrolomouc.cz\/?page_id=100\" class=\"more-link\">Pokra\u010dov\u00e1n\u00ed textu <span class=\"screen-reader-text\">27.4.2025<\/span> <span class=\"meta-nav\">&rarr;<\/span><\/a><\/p>\n","protected":false},"author":1,"featured_media":0,"parent":0,"menu_order":0,"comment_status":"closed","ping_status":"closed","template":"","meta":{"footnotes":""},"class_list":["post-100","page","type-page","status-publish","hentry"],"_links":{"self":[{"href":"https:\/\/sfrolomouc.cz\/index.php?rest_route=\/wp\/v2\/pages\/100","targetHints":{"allow":["GET"]}}],"collection":[{"href":"https:\/\/sfrolomouc.cz\/index.php?rest_route=\/wp\/v2\/pages"}],"about":[{"href":"https:\/\/sfrolomouc.cz\/index.php?rest_route=\/wp\/v2\/types\/page"}],"author":[{"embeddable":true,"href":"https:\/\/sfrolomouc.cz\/index.php?rest_route=\/wp\/v2\/users\/1"}],"replies":[{"embeddable":true,"href":"https:\/\/sfrolomouc.cz\/index.php?rest_route=%2Fwp%2Fv2%2Fcomments&post=100"}],"version-history":[{"count":1,"href":"https:\/\/sfrolomouc.cz\/index.php?rest_route=\/wp\/v2\/pages\/100\/revisions"}],"predecessor-version":[{"id":102,"href":"https:\/\/sfrolomouc.cz\/index.php?rest_route=\/wp\/v2\/pages\/100\/revisions\/102"}],"wp:attachment":[{"href":"https:\/\/sfrolomouc.cz\/index.php?rest_route=%2Fwp%2Fv2%2Fmedia&parent=100"}],"curies":[{"name":"wp","href":"https:\/\/api.w.org\/{rel}","templated":true}]}}

<p>Zápis ze setkání 27.4.2025</p>



<p>&nbsp;Klášter bratří kapucínů Olomouc<em></em></p>



<p><strong><em>Setkání sester a bratří SFŘ – Olomouc rodiny</em></strong><strong></strong></p>



<p><strong>Přítomni: </strong>&nbsp;Br. Dominik, E. Cásková, P. Hapalová, J. Horká, J. Hubáčková, M. Řezníčková, B. Slimaříková, D. Šotová, F. Valů, Večeřovi</p>



<p><strong>Omluveni: </strong>L. Borýsek, Richterovi, L. Stehlíková, F. Vomáčka, J. Sládková, H. Ševčíková</p>



<p><strong>Časový průběh s poznámkami:</strong></p>



<ol class="wp-block-list">
<li><strong>14.30 – Společná modlitba uprostřed dne v kostele + Korunka k Božímu milosrdenství</strong></li>
</ol>



<p><strong>&nbsp;&nbsp;&nbsp;&nbsp;&nbsp;&nbsp; 2.&nbsp;&nbsp; Dokumenty čl. 28, 29, 30 – úvodní zamyšlení vedli Večeřovi</strong></p>



<p>&nbsp;&nbsp;&nbsp;&nbsp;&nbsp;&nbsp;&nbsp;&nbsp;&nbsp;&nbsp;&nbsp;&nbsp; Bratrská společenství jsou inspirována sv. Františkem z Assisi</p>



<p>&nbsp;&nbsp;&nbsp;&nbsp;&nbsp;&nbsp;&nbsp;&nbsp;&nbsp;&nbsp;&nbsp;&nbsp; Bratři a sestry žijí aktivně v místní i všeobecné církvi</p>



<p>&nbsp;&nbsp;&nbsp;&nbsp;&nbsp;&nbsp;&nbsp;&nbsp;&nbsp;&nbsp;&nbsp;&nbsp; Důležitá je spoluzodpovědnost, osobní přítomnost, svědectví, modlitba a aktivní</p>



<p>&nbsp;&nbsp;&nbsp;&nbsp;&nbsp;&nbsp;&nbsp;&nbsp;&nbsp;&nbsp;&nbsp;&nbsp; spolupráce podle možností každého jednotlivce</p>



<p>&nbsp;&nbsp;&nbsp;&nbsp;&nbsp; <strong>3.&nbsp;&nbsp;&nbsp; Sdílení bratří a sester</strong></p>



<p><strong>&nbsp;&nbsp;&nbsp;&nbsp;&nbsp;&nbsp; 4. Organizační záležitosti a návrhy</strong></p>



<ul class="wp-block-list">
<li>Příští setkání bude oblastní ve Šternberku 18.5 2025 za účasti br. Jiřího Zajíce</li>



<li>22. 6.  bude mít trvalou profes Jan František Valů. Bude upřesněno, kde se bude konat oběd a posezení, protože v klášteře v tom samém termínu bude probíhat víkendová akce.</li>



<li>Exercicie se uskuteční 21. &#8211; 24.8. Povede je Bonaventura Štivar OFCap.</li>



<li>Tento rok je také výročí 800 let Chvalozpěvu stvoření</li>



<li>V říjnu nebo v listopadu proběhnou volby</li>



<li>Naše pravidelné setkání bude pokračovat 21.9.2025</li>



<li>Budeme pokračovat v Dokumentech čl. 30 – 31. Připraví si P. Hapalová</li>
</ul>



<p>&nbsp;&nbsp;&nbsp;&nbsp;&nbsp;&nbsp;&nbsp;&nbsp;&nbsp;&nbsp;&nbsp;&nbsp;&nbsp;&nbsp; Zapsala D. Šotová</p>



<p></p>

<p>Zápis ze setkání 27.4.2025 &nbsp;Klášter bratří kapucínů Olomouc Setkání sester a bratří SFŘ – Olomouc rodiny Přítomni: &nbsp;Br. Dominik, E. Cásková, P. Hapalová, J. Horká, J. Hubáčková, M. Řezníčková, B. Slimaříková, D. Šotová, F. Valů, Večeřovi Omluveni: L. Borýsek, Richterovi, L. Stehlíková, F. Vomáčka, J. Sládková, H. Ševčíková Časový průběh s poznámkami: &nbsp;&nbsp;&nbsp;&nbsp;&nbsp;&nbsp; 2.&nbsp;&nbsp; Dokumenty &hellip; <a href="https://sfrolomouc.cz/?page_id=100" class="more-link">Pokračování textu <span class="screen-reader-text">27.4.2025</span> <span class="meta-nav">&rarr;</span></a></p>
